ors of 6618080611?
6618080611
What are the prime factors of 5860682535?
3, 5, 673, 580553
What are the prime factors of 755447603?
11897, 63499
What are the prime factors of 35298017?
29, 659, 1847
List the prime factors of 347895173.
4157, 83689
List the prime factors of 2447196.
2, 3, 47, 4339
What are the prime factors of 7510957?
17, 181, 2441
List the prime factors of 82068122.
2, 727, 56443
List the prime factors of 40413403.
17, 2377259
What are the prime factors of 113731907?
113731907
What are the prime factors of 668631442?
2, 383, 523, 1669
What are the prime factors of 2076939936?
2, 3, 73, 223, 443
List the prime factors of 36866854.
2, 2293, 8039
List the prime factors of 44512825.
5, 7, 29, 179
List the prime factors of 3547531084.
2, 197, 1597, 2819
What are the prime factors of 495266756?
2, 29, 37, 257, 449
What are the prime factors of 5228970069?
3, 19, 769, 119293
What are the prime factors of 1053513139?
7, 937, 160621
List the prime factors of 12703509.
3, 7, 13, 15511
List the prime factors of 225528788.
2, 1427, 39511
What are the prime factors of 704376495?
3, 5, 23, 151, 4507
List the prime factors of 2127118383.
3, 13, 18180499
What are the prime factors of 527638525?
5, 73, 131, 2207
What are the prime factors of 127820358?
2, 3, 173, 41047
What are the prime factors of 3105016259?
751, 4134509
List the prime factors of 347206431.
3, 11, 13, 809339
List the prime factors of 15735656.
2, 37, 53161
What are the prime factors of 80342512?
2, 5021407
List the prime factors of 1315854757.
7, 17, 59, 187417
What are the prime factors of 2819620695?
3, 5, 419, 448627
What are the prime factors of 811795032?
2, 3, 11274931
List the prime factors of 157731774.
2, 3, 26288629
What are the prime factors of 36418477?
36418477
List the prime factors of 106783891.
89, 1199819
List the prime factors of 4078221305.
5, 59, 13824479
List the prime factors of 779430396.
2, 3, 31, 293, 7151
What are the prime factors of 421689064?
2, 521, 101173
List the prime factors of 90155940.
2, 3, 5, 7, 214657
List the prime factors of 39329300.
2, 5, 547, 719
List the prime factors of 1859942292.
2, 3, 13, 89, 133963
List the prime factors of 521942006.
2, 260971003
List the prime factors of 717120790.
2, 5, 557, 128747
What are the prime factors of 733888073?
733888073
List the prime factors of 167935709.
673, 249533
List the prime factors of 2993953007.
197, 15197731
What are the prime factors of 905936131?
19, 47680849
What are the prime factors of 370034036?
2, 17, 1163, 4679
What are the prime factors of 2574678288?
2, 3, 7, 13, 17, 34673
List the prime factors of 15462491.
11, 1405681
List the prime factors of 8225911924.
2, 17, 59, 2050327
What are the prime factors of 867742123?
13901, 62423
List the prime factors of 304922643.
3, 2971, 34211
List the prime factors of 8727778.
2, 4363889
List the prime factors of 96245523.
3, 11, 541, 599
List the prime factors of 55345582.
2, 643, 43037
What are the prime factors of 451430321?
73, 6183977
List the prime factors of 738881734.
2, 2417, 152851
List the prime factors of 214003229.
11, 239, 81401
What are the prime factors of 190801488?
2, 3, 3975031
What are the prime factors of 2914736243?
157, 18565199
What are the prime factors of 15089235?
3, 5, 7, 131, 1097
What are the prime factors of 1677512393?
31, 127, 426089
List the prime factors of 46903684.
2, 653, 17957
List the prime factors of 2841405688.
2, 11, 31, 1041571
List the prime factors of 129792916.
2, 11, 2949839
List the prime factors of 711439290.
2, 3, 5, 17, 464993
List the prime factors of 284316455.
5, 23, 2472317
What are the prime factors of 53538583?
7, 7648369
What are the prime factors of 109263844?
2, 27315961
List the prime factors of 1498743780.
2, 3, 5, 29, 861347
What are the prime factors of 1995168319?
1995168319
What are the prime factors of 4527278?
2, 7, 323377
What are the prime factors of 3886493063?
17, 73, 3131743
What are the prime factors of 75737383?
241, 314263
What are the prime factors of 573954595?
5, 17, 6752407
What are the prime factors of 98421237?
3, 311, 3907
List the prime factors of 575606169.
3, 7106249
List the prime factors of 60249361.
19, 823, 3853
List the prime factors of 1655500087.
1655500087
What are the prime factors of 48790777?
7, 101, 69011
List the prime factors of 327345075.
3, 5, 911, 1597
What are the prime factors of 2125461782?
2, 1062730891
List the prime factors of 682392469.
11, 5393, 11503
What are the prime factors of 181249031?
181249031
What are the prime factors of 3982868?
2, 251, 3967
What are the prime factors of 14820457?
1601, 9257
What are the prime factors of 334437521?
11, 461, 65951
What are the prime factors of 241979192?
2, 7, 13, 61, 5449
What are the prime factors of 71125034?
2, 271, 281, 467
What are the prime factors of 1870488235?
5, 7, 11, 4858411
What are the prime factors of 114957999?
3, 13, 19, 51713
What are the prime factors of 3708558908?
2, 17, 43, 317, 4001
What are the prime factors of 455273575?
5, 18210943
List the prime factors of 29514453.
3, 9838151
List the prime factors of 160780091.
47, 73, 46861
List the prime factors of 15083183.
2729, 5527
List the prime factors of 85911347.
47, 1827901
List the prime factors of 431614620.
2, 3, 5, 37, 229, 283
What are the prime factors of 498370937?
498370937
What are the prime factors of 383670246?
2, 3, 17, 3761473
List the prime factors of 104638672.
2, 17, 384701
What are the prime factors of 269433306?
2, 3, 17, 179, 4919
List the prime factors of 261471307.
261471307
List the prime factors of 1325894706.
2, 3, 3529, 20873
What are the prime factors of 12283224?
2, 3, 511801
List the prime factors of 216552806.
2, 53, 61, 107, 313
What are the prime factors of 2991348114?
2, 3, 79, 359, 17579
What are the prime factors of 51964998?
2, 3, 367, 23599
List the prime factors of 2883370.
2, 5, 7, 17, 2423
List the prime factors of 15935126.
2, 353, 22571
What are the prime factors of 211173711?
3, 7, 17, 591523
List the prime factors of 298144764.
2, 3, 8281799
What are the prime factors of 806503572?
2, 3, 7, 29, 110359
List the prime factors of 934207540.
2, 5, 7, 953273
List the prime factors of 1060969180.
2, 5, 53048459
List the prime factors of 299736675.
3, 5, 7, 31, 877
What are the prime factors of 642704391?
3, 7, 1553, 6569
What are the prime factors of 200897127?
3, 19, 71, 16547
List the prime factors of 25443144.
2, 3, 313, 1129
What are the prime factors of 2246660157?
3, 7, 106983817
List the prime factors of 3737065026.
2, 3, 622844171
What are the prime factors of 1103219649?
3, 7, 83, 70327
List the prime factors of 114809559.
3, 38269853
List the prime factors of 110410316.
2, 4259, 6481
What are the prime factors of 67300114?
2, 7, 37, 173, 751
List the prime factors of 1045304769.
3, 47, 653, 11353
List the prime factors of 26355889.
7, 3765127
List the prime factors of 33943708.
2, 8485927
What are the prime factors of 662179792?
2, 19, 2178223
List the prime factors of 1941710000.
2, 5, 281, 691
What are the prime factors of 46873375?
5, 374987
What are the prime factors of 925526702?
2, 41, 11286911
What are the prime factors of 19183423?
7, 2740489
List the prime factors of 40923922.
2, 13, 1573997
List the prime factors of 354340731.
3, 118113577
List the prime factors of 6470689595.
5, 59, 359, 61099
List the prime factors of 112685741.
7, 17, 135277
What are the prime factors of 13595846?
2, 11, 41, 15073
List the prime factors of 111971758.
2, 17, 3293287
List the prime factors of 142090004.
2, 7, 724949
What are the prime factors of 112066770?
2, 3, 5, 827, 4517
List the prime factors of 383674352.
2, 31, 773537
What are the prime factors of 156296945?
5, 7, 19, 61, 3853
List the prime factors of 4974570419.
7, 13, 29, 1885021
List the prime factors of 446877830.
2, 5, 7, 6383969
What are the prime factors of 90471202?
2, 45235601
What are the prime factors of 79038684?
2, 3, 607, 3617
What are the prime factors of 43363530?
2, 3, 5, 7, 9833
What are the prime factors of 894837220?
2, 5, 103, 434387
List the prime factors of 173805349.
1033, 168253
List the prime factors of 2967332276.
2, 31, 1013, 23623
What are the prime factors of 54024174?
2, 3, 19